624*o + 43075. Determine j(5).
-45
Let h(m) = -3*m**2 + 5341*m - 21412. Give h(4).
-96
Let t(z) = -211*z - 1483. Calculate t(-6).
-217
Let k(a) = 5*a**3 - 40*a**2 + 12*a + 20. Calculate k(4).
-252
Let i(x) = -21*x**2 + 4260*x - 80122. What is i(21)?
77
Let i(o) = o**3 - 75*o**2 - 5071*o + 378602. Give i(77).
-7
Let r(z) = -127*z - 2951. What is r(-20)?
-411
Let h(q) = -5439*q**2 + 364411*q + 135. Give h(67).
1
Let y(z) = -15148*z + 107344. Determine y(7).
1308
Let d(l) = -434*l - 672. Give d(-10).
3668
Let r(z) = 6*z**2 - 1012*z - 10971. What is r(-11)?
887
Let p(n) = 1434*n - 19. What is p(0)?
-19
Let p(o) = -2*o**3 + 20*o**2 - 28*o + 531. What is p(11)?
-19
Let w(g) = -752*g - 235383. What is w(-313)?
-7
Let f(q) = 25568*q + 14957267. Give f(-585).
-13
Let n(f) = 4820*f + 14453. Determine n(-3).
-7
Let k(f) = f**2 + 57*f - 2828. Calculate k(-84).
-560
Let c(g) = -g**3 + 209*g**2 - 840*g + 4008. Determine c(205).
-92
Let w(s) = 647*s - 29938. What is w(46)?
-176
Let r(q) = q**2 + 1972*q - 215890. What is r(104)?
14
Let c(u) = 475796*u - 475791. Give c(1).
5
Let w(a) = 350*a**2 + 625*a - 31. Calculate w(-2).
119
Let i(j) = 6*j**3 - 116*j**2 - 95*j + 32. What is i(20)?
-268
Let u(d) = 2139*d - 179674. Give u(84).
2
Let w(q) = -3*q**3 - 24*q**2 - 1595*q - 6322. Calculate w(-4).
-134
Let v(u) = -22198*u - 332946. Determine v(-15).
24
Let r(l) = -62*l**2 + 5396*l - 37. What is r(87)?
137
Let h(g) = -5*g**2 - 76*g - 406. Determine h(-6).
-130
Let j(d) = -14210*d - 42705. Determine j(-3).
-75
Let c(v) = -1750*v + 575766. Calculate c(329).
16
Let f(b) = -45*b**3 - 22*b**2 + 51*b - 12. What is f(2)?
-358
Let y(v) = -10*v**2 + 896*v + 49. Determine y(90).
-311
Let h(y) = -2*y**3 - 63*y**2 + 45*y + 2013. What is h(-31)?
-343
Let n(i) = 76*i + 3385. What is n(-51)?
-491
Let b(f) = -f**3 - 360*f**2 + 416*f + 19862. Calculate b(-361).
7
Let u(s) = -164175*s - 328341. Determine u(-2).
9
Let f(g) = g**2 + 611*g + 89813. What is f(-243)?
389
Let m(w) = 41444*w - 248684. Give m(6).
-20
Let d(v) = -2*v - 1426. Determine d(-7).
-1412
Let q(x) = 3*x**3 + 853*x**2 + 753*x - 107246. Determine q(-283).
11
Let f(s) = 48*s**2 + 679*s - 3492. Determine f(4).
-8
Let h(y) = 2*y**2 - 216*y + 2778. Give h(93).
-12
Let r(z) = 6*z**3 + 571*z**2 + 139*z + 1166. Give r(-95).
-3014
Let j(u) = -315*u - 45407. Determine j(-127).
-5402
Let y(i) = -i**2 + 17625*i + 2111534. What is y(-119)?
-2
Let r(h) = 51*h**2 + 21*h - 31. Give r(3).
491
Let q(u) = 13*u**2 - 338*u + 5782. What is q(0)?
5782
Let l(d) = 26*d**3 - 578*d**2 + 120*d + 258. Determine l(22).
-6
Let d(q) = -2*q**3 - 19*q**2 - 55*q + 28. Determine d(-4).
72
Let o(z) = -6*z**3 - 524*z**2 + 3756*z - 369. Determine o(-94).
7
Let j(d) = -3*d**2 - 548*d - 2560. Give j(-175).
1465
Let g(r) = -2*r**2 - 256766*r - 256765. What is g(-1)?
-1
Let b(f) = -8*f**2 - 17*f + 254. What is b(-9)?
-241
Let g(f) = 2*f**3 + 19*f**2 - 41*f - 350. Calculate g(-8).
170
Let t(f) = 76*f**2 - 699*f + 33. Give t(10).
643
Let z(s) = 955831*s - 13381620. Calculate z(14).
14
Let w(p) = 4388*p - 250135. Calculate w(57).
-19
Let c(r) = -58665*r - 352042. Calculate c(-6).
-52
Let z(r) = -21*r**2 - 8023*r + 16135. Determine z(2).
5
Let r(a) = 220*a**2 - 813*a - 279. Give r(4).
-11
Let v(b) = -2*b**2 - 42*b + 657. Give v(9).
117
Let c(v) = 109*v - 6919. Give c(52).
-1251
Let z(t) = -124*t - 1200. Calculate z(2).
-1448
Let i(z) = z**3 + 143*z**2 + 697*z - 204. Give i(-138).
-1170
Let c(b) = 3*b**3 - 87*b**2 + 997*b - 2268. What is c(3)?
21
Let y(i) = -88148*i + 881398. Give y(10).
-82
Let l(v) = -6*v**2 - 275*v - 3326. Determine l(-28).
-330
Let l(s) = -2*s**2 - 3095*s + 28. Determine l(0).
28
Let b(n) = -n**3 + 57*n**2 - 739*n + 50566. Determine b(59).
3
Let c(u) = -u**3 - 564*u**2 - 79461*u - 281. Determine c(-290).
9
Let q(l) = -l**2 - 1049*l + 17016. What is q(16)?
-24
Let u(n) = -n**3 + 168*n**2 - 1809*n + 12879. Determine u(157).
5
Let i(p) = -3*p**3 + 21*p**2 + 99*p + 16. Give i(11).
-347
Let c(n) = 28306*n - 594422. Calculate c(21).
4
Let p(h) = 3*h**2 - 272*h + 3429. Determine p(16).
-155
Let b(q) = q**2 + 63*q + 1008. What is b(-47)?
256
Let c(p) = 2233*p + 13548. What is c(-6)?
150
Let z(p) = -287*p**2 + 5739*p + 213. Calculate z(20).
193
Let z(u) = 6*u**2 - 8885*u + 123202. Determine z(14).
-12
Let w(v) = 27827*v + 194781. Give w(-7).
-8
Let u(a) = -607*a - 2718. Give u(-5).
317
Let l(j) = 49*j**2 + 12*j + 34. Calculate l(-3).
439
Let i(u) = 245*u - 2907. What is i(13)?
278
Let r(s) = 199*s - 25271. Calculate r(119).
-1590
Let t(l) = -3*l**3 - 59*l**2 - 24*l - 878. Calculate t(-20).
2
Let f(p) = p**3 - 6*p**2 + 256*p - 943. Calculate f(4).
49
Let z(b) = -1375*b - 17879. Give z(-13).
-4
Let k(c) = -49*c**2 + 4263*c - 687. Calculate k(87).
-687
Let u(n) = n**2 - 114*n - 1561. Calculate u(-18).
815
Let u(f) = 65065*f + 910918. Calculate u(-14).
8
Let k(n) = -29*n**3 - 1163*n**2 + 2*n - 23. What is k(0)?
-23
Let k(n) = -2*n**2 + 650*n + 64356. What is k(405)?
-444
Let t(g) = 7916*g - 8276. Calculate t(1).
-360
Let j(y) = -2*y**2 + 170*y + 11925. Calculate j(138).
-2703
Let r(b) = b**3 + 13*b**2 - 101*b - 1542. Calculate r(-15).
-477
Let x(h) = 3*h**3 - 233*h**2 + 1413*h + 486. Determine x(71).
-11
Let d(b) = 71*b**2 + 5724*b - 2221. Give d(-81).
-34
Let w(h) = 13734*h - 329620. Give w(24).
-4
Let t(u) = u**2 + 401*u - 106874. Determine t(-584).
-2
Let j(i) = i**3 + 71*i**2 - 566*i + 5193. Determine j(-79).
-21
Let k(v) = 6*v**3 - 15*v**2 + v - 26. Give k(0).
-26
Let o(z) = 294*z - 4127. What is o(14)?
-11
Let c(r) = -1263*r**3 + 53*r**2 + 55*r. Determine c(-1).
1261
Let w(j) = 601*j + 11394. Give w(-19).
-25
Let g(h) = 341*h + 274840. Calculate g(-806).
-6
Let a(b) = -846*b**3 + 68*b**2 - 68*b + 1. What is a(1)?
-845
Let b(i) = -9*i**2 - 190*i + 1618. What is b(9)?
-821
Let u(h) = 2342*h - 1096025. Give u(468).
31
Let i(g) = -41*g**2 - 6753*g + 20628. Determine i(3).
0
Let p(v) = -195*v**2 + 1979*v - 118. Determine p(10).
172
Let l(k) = 2476*k + 47079. Calculate l(-19).
35
Let r(x) = -604*x + 9528. Give r(17).
-740
Let u(c) = -c**3 - 697*c**2 - 1364*c + 18073. What is u(-695)?
3
Let y(n) = -6208*n - 18618. Calculate y(-3).
6
Let g(p) = 2*p**3 - 18*p**2 - 45*p + 236. Give g(3).
-7
Let j(f) = 2*f**2 - 1156*f - 102316. Give j(-78).
20
Let r(h) = -7*h**2 + 1241*h - 13926. Calculate r(12).
-42
Let f(k) = 45*k**3 - 1483*k**2 - 252*k + 6132. Give f(33).
-6
Let p(h) = h**2 - 53469*h + 1603179. Determine p(30).
9
Let h(i) = 4*i**2 + 1388*i + 115208. Determine h(-138).
-160
Let a(g) = 14390*g - 532428. Determine a(37).
2
Let b(s) = -s**3 - 183*s**2 - 2733*s + 14559. Determine b(-166).
-215
Let m(h) = 14*h**2 - 473*h - 5553. Calculate m(43).
-6
Let a(c) = -1806*c - 23531. Give a(-13).
-53
Let m(o) = -16*o**3 - 297*o**2 - 184*o - 53. What is m(-18)?
343
Let v(j) = -3*j**2 - 9392*j - 1383693. Calculate v(-155).
-8
Let n(l) = -5*l**2 + 946*l - 7260. What is n(8)?
-12
Let w(a) = -3298*a - 600469. Determine w(-182).
-233
Let y(t) = 116*t + 33959. Calculate y(-296).
-377
Let a(t) = 25276*t + 50545. What is a(-2)?
-7
Let w(d) = -d**3 + 8*d**2 + 51*d - 85. Determine w(11).
113
Let n(i) = i**2 - 2056*i + 658628. Calculate n(397).
5
Let g(r) = -1709*r - 59776. Calculate g(-35).
39
Let c(l) = -3421*l + 249781. What is c(73)?
48
Let v(h) = -3*h**2 - 89*h + 18455. Determine v(65).
-5
Let y(f) = f**2 + 539*f - 228. Give y(0).
-228
Let c(m) = 14*m**3 + 549*m**2 + 77*m - 1229. Determine c(-39).
331
Let g(t) = -t**3 + 218*t**2 + 349*t - 76085. What is g(218)?
-3
Let h(n) = 3*n**2 - 3609*n + 596975. Give h(1005).
5
Let q(i) = 4503*i - 41479. Calculate q(8).
-5455
Let h(q) = 3*q**3 + 359*q**2 - 2347*q + 5932. Give h(-126).
10
Let b(g) = 23*g**2 + 6058*g + 2379. Give b(-263).
12
Let r(j) = 4*j**3 + 457*j**2 - 5*j + 39095. Determine r(-115).
-5
Let b(t) = t**3 + 25*t**2 - 185*t + 131. Calculate b(-31).
100
Let h(d) = 5168*d + 56884. What is h(-11)?
36
Let h(q) = -106*q**3 - 3091*q**2 - 568*q - 2170. Give h(-29).
5
Let l(y) = 70337*y - 703398. What is l(10)?
-28
Let f(z) = -2*z**3 - 1247*z**2 + 1944*z + 43146. What is f(-625)?
21
Let i(m) = -4*m**2 - 327*m + 400. Calculate i(-83).
-15
Let d(q) = -2*q**3 - 4887*q**2 - 2586177*q - 1556. Calculate d(-775).
-6
Let m(o) = -o**3 - 15